en m is divided by f?
7
Let m(g) = 1. Let a(t) = -3*t - 34. Let i(b) = -a(b) + 5*m(b). Calculate the remainder when i(16) is divided by 30.
27
Let x = -109 + 131. Calculate the remainder when 86 is divided by x.
20
Suppose 431 - 11 = 6*g. Suppose 0*c = 5*c - g. What is the remainder when 111 is divided by c?
13
Suppose 16*r + 3600 = 31*r. What is the remainder when r is divided by 27?
24
Calculate the remainder when 568 is divided by (-34)/34 + ((-40)/2)/(-1).
17
Suppose -5*v + 87 = 104*n - 102*n, 0 = n - v - 40. Calculate the remainder when 361 is divided by n.
33
Let z(m) = -2*m**3 + 10*m**2 - 3*m - 2. Let g be z(4). Calculate the remainder when 75 is divided by g/6*-22*(-1)/3.
9
Let f(l) = -2*l**2 + 66*l - 114. Let n(h) = -h**2 - 6*h + 1. Calculate the remainder when f(31) is divided by n(-4).
1
Calculate the remainder when 140 is divided by (-6)/(-10)*(12 - -13 - 10).
5
Let f = -46 + 89. What is the remainder when f is divided by ((-3)/(-9))/((-2)/132*-2)?
10
Let p = 60 - 40. Suppose 28 = v - p. Calculate the remainder when v is divided by 13.
9
Suppose -28*l = -66*l + 38. Calculate the remainder when l is divided by 1.
0
Let z(i) = 87*i - 1. Let h be z(-1). Let k = 159 + h. Calculate the remainder when k is divided by 24.
23
Let g(p) be the second derivative of p**4/12 - p**3 - 3*p**2/2 - 22*p. Calculate the remainder when 61 is divided by g(9).
13
Let x = -10 - -15. Suppose x*t = t + 76. What is the remainder when 73 is divided by t?
16
Let i = 891 + -456. What is the remainder when i is divided by 44?
39
Let t be (0 + 24/(-4))/(-1). Let y = t - -70. What is the remainder when y is divided by 20?
16
Let x(k) = 6*k**2 - 23*k + 6. What is the remainder when 140 is divided by x(4)?
0
Suppose 3*n = 0, 5*p = -n - n + 145. What is the remainder when 57 is divided by p?
28
Let p(f) = 2*f**2. Let a be p(1). Suppose 0 = 4*v - a*x - 50, 20 = 3*v - 4*x - 10. Calculate the remainder when v is divided by 6.
2
Suppose -14 = -5*r - 9. Let l = -30 + 98. Calculate the remainder when (l*r)/4 + 2 is divided by 11.
8
Suppose -3*b + 5*v = -249, 59*b - 249 = 56*b - 3*v. Calculate the remainder when 494 is divided by b.
79
Let o be ((-4)/2)/(2/(-7)). Let p(a) = -a**2 + 8*a + 10. Calculate the remainder when 2/4*-4 + 68 is divided by p(o).
15
Let z = -549 - -628. What is the remainder when z is divided by 23?
10
Suppose -v - 4*h + 114 = v, 0 = h + 4. Let d = -31 + v. Let z(l) = 3*l - 2. Calculate the remainder when d is divided by z(7).
15
Let a(u) = -u**3 - 5*u**2 - u + 2. Let m be a(-5). Suppose -m*r - 44 + 730 = 0. Calculate the remainder when r is divided by 33.
32
Let m(t) = 3*t - 16. Let f be m(7). Suppose f*n - 446 + 101 = 0. What is the remainder when n is divided by 10?
9
Let k(p) = 7*p**2 - p + 1. What is the remainder when (-10)/(-14) + (-16872)/(-1036) is divided by k(1)?
3
Suppose -5*b + 327 = 5*x - 6*b, 4*x - 270 = -2*b. Suppose -2*m = 3*m - 85. What is the remainder when x is divided by m?
15
Suppose 8*r - 4*s = 4*r + 56, 2*r - s = 27. Let p be (-5)/10*1*-8. Calculate the remainder when 34 + p + -2 - -1 is divided by r.
11
Let q(a) = -a**3 + 6*a**2 + 2*a - 2. Suppose -896 = 14*m + 2*m. Let w = -37 - m. What is the remainder when w is divided by q(6)?
9
Let l(d) = 3*d**2 + 36*d + 112. Suppose 0*q + 3*q = 0. Suppose 5*p = -q*p + 95. What is the remainder when p is divided by l(-6)?
3
Let v(x) = 4*x**2 - 6*x + 53. Calculate the remainder when v(-8) is divided by 12.
9
Let z = 217 - 203. Suppose -5*n - 2*l = -5*l - 40, 0 = 3*n + l - 24. What is the remainder when z is divided by n?
6
Let h(j) = 5*j - 13. Calculate the remainder when 144 is divided by h(10).
33
Let d(r) = r**3 + 7*r**2 + 7*r + 6. Let h be d(-6). Suppose 4*m - 54 + 14 = h. Calculate the remainder when ((-1)/(-3))/((-3)/(-261)) is divided by m.
9
Suppose 3*z + z + 414 = 3*d, 4*z = -4*d - 428. Calculate the remainder when (-72)/60*z/2 is divided by 13.
11
Let j(o) = o**2 - 2*o. Let z(x) = 16*x - 15. Calculate the remainder when j(-7) is divided by z(2).
12
Let y(x) = x**2 - 2*x. Let a = -3397 - -3422. Calculate the remainder when a is divided by y(5).
10
Let x(r) = r + 9. Let s be 12/(-18) - 30/9. Let i be x(s). Suppose 129 = 8*w - i*w. Calculate the remainder when w is divided by 15.
13
Suppose d = 3*d - 54. Suppose -2*i = 3*x - 4*x + 11, -3*x = -i - 3. Let k(f) = 4*f + 32. Calculate the remainder when d is divided by k(i).
3
Suppose b - 4*r - 8 = 3, b + 1 = -2*r. Let z be 11/2 - b/6. Let d(h) = -h**3 + 6*h**2 - 5*h + 4. What is the remainder when 17 is divided by d(z)?
1
Let t = 27 - 7. Suppose n + 4*f = 59, 2*n - 108 + 5 = -5*f. What is the remainder when n is divided by t?
19
Let q(f) be the second derivative of 21/4*f**5 - 7*f - 1/12*f**4 + 1/3*f**3 - 1/2*f**2 + 0. What is the remainder when q(1) is divided by 27?
24
Let t(i) = i**2 - 62*i + 187. Suppose 63 = 3*h - 15. What is the remainder when h is divided by t(3)?
6
Suppose 4 = 3*v - 5. Let g(r) = -r**3 + 6*r**2 - 3*r + 2. Calculate the remainder when g(v) is divided by 12.
8
Let x = -45 + 9. What is the remainder when 5 is divided by (-117)/x - 2/8?
2
Suppose 2*o + 84 = -4*h, -319 = 5*o + 2*h - 109. Let j = o - -98. What is the remainder when j is divided by 12?
8
Suppose 20 = 4*o, 8 + 5 = -m + 3*o. Calculate the remainder when (3/5)/((-10)/(-25))*2 is divided by m.
1
Let w be -8*(-2 - (-28)/16). Suppose l = w*l - 7. Suppose -k + 13 = 3. Calculate the remainder when k is divided by l.
3
Suppose -45*a = -44*a - 9. Let i(c) = -c**3 - 10*c**2 - 12*c - 5. Calculate the remainder when i(-9) is divided by a.
4
Let m(x) = 3*x + 1. Let i(q) = 4*q + 5. Let u(o) = -i(o) + 3*m(o). Let h = -1 - -4. Calculate the remainder when u(h) is divided by 5.
3
Let t(n) = 3*n**3 + 7*n**2 - 45*n - 16. Suppose 5*g + 20 = 0, -g + 0*g + 551 = 5*z. Let f = z - 78. What is the remainder when f is divided by t(-5)?
6
Let g(y) = -12*y - 5*y**2 + y**3 + 7*y**2 + 9*y**2 - 22 + 39. Calculate the remainder when 99 is divided by g(-12).
14
Let j(r) = -r**3 + 13*r**2 + 2*r - 27. Let z be j(13). What is the remainder when -1 + 1 - 1*-9 is divided by -1 + (40/(-32))/(z/4)?
1
Let c(i) = 7*i + 1. Let r be c(5). Let p be 8/r*21*6. Suppose 0 = -3*a + a + p. What is the remainder when 25 is divided by a?
11
Let a = -49 + 49. Suppose a = -2*q + 1 + 41. Calculate the remainder when q is divided by 11.
10
Let x = 116 - 70. Let c be (-28)/126 - (-209)/9. Let f = -11 + c. What is the remainder when x is divided by f?
10
Calculate the remainder when 167 is divided by -1*24*(-9)/18.
11
Suppose 5*c + 0*i = 3*i - 39, 3*i - 33 = 4*c. Let k(q) = -q + 5. Let l be k(c). Let t = l + 16. Calculate the remainder when t is divided by 15.
12
Suppose 235 = 15*x - 5. Calculate the remainder when 221 is divided by x.
13
Let v = -1726 + 2216. Calculate the remainder when v is divided by 55.
50
Let k(w) = 2*w**3 + 19*w**2 - 10*w + 9. Suppose -5*x + 1 = 3*y, 4*y + 2 = x - 6*x. Suppose -x*t + 9 = 1. What is the remainder when k(-10) is divided by t?
1
Let l(j) be the first derivative of 2*j**3/3 + j**2 - j + 2. Let d be l(1). Suppose d*b - 8 = 37. What is the remainder when 42 is divided by b?
12
Let y(u) = u**2 + 6. Let g be y(0). Suppose -9*q = -g*q - 6. Suppose -2*z + 10 = -0*z, -12 = -2*x - q*z. Calculate the remainder when 2 is divided by x.
0
Suppose 2*y - 8 = -4, -4*q + 5*y = -22. Calculate the remainder when 87 is divided by 4/(q/6) - (-2 + -10).
12
Suppose -4*f - 3 = -47. Calculate the remainder when 18 is divided by f.
7
Suppose 84 = 15*o - 21. Calculate the remainder when 267 is divided by o.
1
Let j be (-4 - 20/(-4)) + (3 - -2). Suppose -3*b = -j*b + 357. Calculate the remainder when b is divided by 24.
23
Let v be ((-20)/35)/((-4)/14). Suppose 0 = 4*q - v*q. Suppose q = -4*j + 24. What is the remainder when j is divided by 3?
0
Let w(y) = -17*y - 463. Calculate the remainder when w(-34) is divided by 29.
28
Suppose -225 = -3*v + 2*a, -6*v + 2*v - 3*a + 300 = 0. What is the remainder when 218 is divided by v?
68
What is the remainder when 762/27*(-198)/(-44) is divided by 26?
23
Let o = -90 + 407. Calculate the remainder when o is divided by 64.
61
Suppose 46*c = 23*c + 1863. What is the remainder when c is divided by 42?
39
Suppose -6*i + 254 = 2. What is the remainder when 141 